ist the prime factors of 16491.
3, 23, 239
List the prime factors of 314.
2, 157
What are the prime factors of 427?
7, 61
List the prime factors of 541.
541
What are the prime factors of 560?
2, 5, 7
List the prime factors of 993.
3, 331
What are the prime factors of 149919?
3, 7, 11, 59
What are the prime factors of 33363?
3, 11, 337
List the prime factors of 56080.
2, 5, 701
What are the prime factors of 14336?
2, 7
What are the prime factors of 3304?
2, 7, 59
What are the prime factors of 203253?
3, 67751
What are the prime factors of 23419?
11, 2129
What are the prime factors of 3317?
31, 107
What are the prime factors of 9887?
9887
What are the prime factors of 70077?
3, 7, 47, 71
List the prime factors of 4461.
3, 1487
List the prime factors of 31994.
2, 17, 941
What are the prime factors of 8151?
3, 11, 13, 19
List the prime factors of 30300.
2, 3, 5, 101
List the prime factors of 6441.
3, 19, 113
What are the prime factors of 22312?
2, 2789
List the prime factors of 1940.
2, 5, 97
What are the prime factors of 18231?
3, 59, 103
List the prime factors of 87000.
2, 3, 5, 29
What are the prime factors of 25314?
2, 3, 4219
List the prime factors of 28854.
2, 3, 7, 229
What are the prime factors of 15201?
3, 563
List the prime factors of 88025.
5, 7, 503
What are the prime factors of 7874?
2, 31, 127
List the prime factors of 96351.
3, 32117
List the prime factors of 22507.
71, 317
What are the prime factors of 34045?
5, 11, 619
List the prime factors of 3538.
2, 29, 61
What are the prime factors of 1714?
2, 857
What are the prime factors of 922?
2, 461
List the prime factors of 68254.
2, 34127
List the prime factors of 32715.
3, 5, 727
List the prime factors of 539.
7, 11
List the prime factors of 76336.
2, 13, 367
What are the prime factors of 30553?
30553
What are the prime factors of 485?
5, 97
What are the prime factors of 15805?
5, 29, 109
List the prime factors of 1263.
3, 421
List the prime factors of 531.
3, 59
What are the prime factors of 653?
653
What are the prime factors of 10180?
2, 5, 509
What are the prime factors of 24916?
2, 6229
List the prime factors of 801.
3, 89
What are the prime factors of 1013?
1013
What are the prime factors of 453?
3, 151
List the prime factors of 1673.
7, 239
List the prime factors of 9667.
7, 1381
List the prime factors of 96026.
2, 7, 19
What are the prime factors of 4792?
2, 599
What are the prime factors of 2004?
2, 3, 167
What are the prime factors of 653?
653
List the prime factors of 1102.
2, 19, 29
List the prime factors of 1723.
1723
What are the prime factors of 2925?
3, 5, 13
What are the prime factors of 840?
2, 3, 5, 7
List the prime factors of 8148.
2, 3, 7, 97
List the prime factors of 1536.
2, 3
What are the prime factors of 685?
5, 137
List the prime factors of 897.
3, 13, 23
What are the prime factors of 1897?
7, 271
What are the prime factors of 1984?
2, 31
List the prime factors of 163.
163
List the prime factors of 103720.
2, 5, 2593
List the prime factors of 4374.
2, 3
What are the prime factors of 1952?
2, 61
List the prime factors of 236.
2, 59
List the prime factors of 1819.
17, 107
What are the prime factors of 2044?
2, 7, 73
What are the prime factors of 3530?
2, 5, 353
List the prime factors of 310.
2, 5, 31
List the prime factors of 912.
2, 3, 19
What are the prime factors of 2483?
13, 191
List the prime factors of 60669.
3, 7, 107
List the prime factors of 3037.
3037
What are the prime factors of 3651?
3, 1217
What are the prime factors of 53201?
53201
List the prime factors of 561.
3, 11, 17
What are the prime factors of 10422?
2, 3, 193
What are the prime factors of 3741?
3, 29, 43
What are the prime factors of 24392?
2, 3049
List the prime factors of 1127.
7, 23
What are the prime factors of 1360?
2, 5, 17
List the prime factors of 18718.
2, 7, 191
List the prime factors of 84.
2, 3, 7
List the prime factors of 8582.
2, 7, 613
List the prime factors of 14812.
2, 7, 23
What are the prime factors of 50382?
2, 3, 311
List the prime factors of 2990.
2, 5, 13, 23
List the prime factors of 62460.
2, 3, 5, 347
What are the prime factors of 44500?
2, 5, 89
What are the prime factors of 2608?
2, 163
What are the prime factors of 613?
613
List the prime factors of 26986.
2, 103, 131
List the prime factors of 28929.
3, 9643
What are the prime factors of 3521?
7, 503
What are the prime factors of 3986?
2, 1993
What are the prime factors of 575?
5, 23
What are the prime factors of 895?
5, 179
What are the prime factors of 2755?
5, 19, 29
List the prime factors of 31202.
2, 15601
List the prime factors of 2755.
5, 19, 29
What are the prime factors of 10071?
3, 373
What are the prime factors of 1625?
5, 13
List the prime factors of 3317.
31, 107
List the prime factors of 6.
2, 3
What are the prime factors of 10428?
2, 3, 11, 79
List the prime factors of 169.
13
List the prime factors of 44161.
13, 43, 79
List the prime factors of 26247.
3, 13, 673
What are the prime factors of 16528?
2, 1033
List the prime factors of 251.
251
What are the prime factors of 1288?
2, 7, 23
What are the prime factors of 960?
2, 3, 5
List the prime factors of 7661.
47, 163
What are the prime factors of 682?
2, 11, 31
What are the prime factors of 3277?
29, 113
What are the prime factors of 6136?
2, 13, 59
List the prime factors of 79333.
79333
List the prime factors of 4846.
2, 2423
List the prime factors of 1285.
5, 257
List the prime factors of 10471.
37, 283
List the prime factors of 12067.
11, 1097
What are the prime factors of 697?
17, 41
List the prime factors of 53550.
2, 3, 5, 7, 17
What are the prime factors of 3191?
3191
List the prime factors of 28606.
2, 14303
List the prime factors of 12201.
3, 7, 83
What are the prime factors of 4330?
2, 5, 433
List the prime factors of 2126.
2, 1063
What are the prime factors of 490?
2, 5, 7
List the prime factors of 1037.
17, 61
What are the prime factors of 631?
631
What are the prime factors of 26236?
2, 7, 937
List the prime factors of 1083.
3, 19
List the prime factors of 8328.
2, 3, 347
List the prime factors of 1106.
2, 7, 79
List the prime factors of 3515.
5, 19, 37
What are the prime factors of 16683?
3, 67, 83
List the prime factors of 36149.
37, 977
What are the prime factors of 1887?
3, 17, 37
What are the prime factors of 3519?
3, 17, 23
List the prime factors of 3145.
5, 17, 37
List the prime factors of 46262.
2, 23131
List the prime factors of 5916.
2, 3, 17, 29
List the prime factors of 4110.
2, 3, 5, 137
List the prime factors of 970.
2, 5, 97
List the prime factors of 134.
2, 67
What are the prime factors of 218?
2, 109
List the prime factors of 2838.
2, 3, 11, 43
What are the prime factors of 135244?
2, 33811
List the prime factors of 4221.
3, 7, 67
List the prime factors of 193353.
3, 64451
List the prime factors of 1627.
1627
List the prime factors of 10161.
3, 1129
What are the prime factors of 224?
2, 7
List the prime factors of 6814.
2, 3407
What are the prime factors of 10216?
2, 1277
What are the prime factors of 663?
3, 13, 17
What are the prime factors of 1976?
2, 13, 19
What are the prime factors of 34922?
2, 19, 919
What are the prime factors of 13478?
2, 23, 293
What are the prime factors of 1045?
5, 11, 19
List the prime factors of 81282.
2, 3, 19, 23, 31
What are the prime factors of 131647?
47, 2801
What are the prime factors of 44626?
2, 53, 421
What are the prime factors of 4789?
4789
What are the prime factors of 3211?
13, 19
List the prime factors of 30338.
2, 7, 11, 197
List the prime factors of 1245.
3, 5, 83
List the prime factors of 13681.
13681
What are the prime factors of 620?
2, 5, 31
List the prime factors of 32895.
3, 5, 17, 43
List the prime factors of 4767.
3, 7, 227
List the prime factors of 6985.
5, 11, 127
What are the prime factors of 748?
2, 11, 17
What are the prime factors of 1714?
2, 857
List the prime factors of 5058.
2, 3, 281
What are the prime factors of 5897?
5897
What are the prime factors of 62648?
2, 41, 191
What are the prime factors of 11180?
2, 5, 13, 43
List the prime factors of 48752.
2, 11, 277
List the prime factors of 3230.
2, 5, 17, 19
What are the prime factors of 32084?
2, 13, 617
List the prime factors of 13220.
2, 5, 661
What are the prime factors of 16285?
5, 3257
Lis